{"id":1613,"date":"2022-03-18T20:06:17","date_gmt":"2022-03-18T20:06:17","guid":{"rendered":"http:\/\/neuroconex.com.mx\/?page_id=1613"},"modified":"2022-09-21T01:59:55","modified_gmt":"2022-09-21T01:59:55","slug":"blog-2","status":"publish","type":"page","link":"https:\/\/neuroconex.com.mx\/index.php\/blog-2\/","title":{"rendered":"BLOG"},"content":{"rendered":"\t\t<div data-elementor-type=\"wp-page\" data-elementor-id=\"1613\" class=\"elementor elementor-1613\">\n\t\t\t\t\t\t<section class=\"elementor-section elementor-top-section elementor-element elementor-element-ad4b96c elementor-section-boxed elementor-section-height-default elementor-section-height-default\" data-id=\"ad4b96c\" data-element_type=\"section\">\n\t\t\t\t\t\t<div class=\"elementor-container elementor-column-gap-default\">\n\t\t\t\t\t<div class=\"elementor-column elementor-col-50 elementor-top-column elementor-element elementor-element-cdd0eee\" data-id=\"cdd0eee\" data-element_type=\"column\">\n\t\t\t<div class=\"elementor-widget-wrap\">\n\t\t\t\t\t\t\t<\/div>\n\t\t<\/div>\n\t\t\t\t<div class=\"elementor-column elementor-col-50 elementor-top-column elementor-element elementor-element-82dd4e4\" data-id=\"82dd4e4\" data-element_type=\"column\">\n\t\t\t<div class=\"elementor-widget-wrap\">\n\t\t\t\t\t\t\t<\/div>\n\t\t<\/div>\n\t\t\t\t\t<\/div>\n\t\t<\/section>\n\t\t\t\t<section class=\"elementor-section elementor-top-section elementor-element elementor-element-b8cd5c9 elementor-section-boxed elementor-section-height-default elementor-section-height-default\" data-id=\"b8cd5c9\" data-element_type=\"section\">\n\t\t\t\t\t\t<div class=\"elementor-container elementor-column-gap-default\">\n\t\t\t\t\t<div class=\"elementor-column elementor-col-100 elementor-top-column elementor-element elementor-element-992046d\" data-id=\"992046d\" data-element_type=\"column\">\n\t\t\t<div class=\"elementor-widget-wrap elementor-element-populated\">\n\t\t\t\t\t\t<div class=\"elementor-element elementor-element-5594d4a elementor-widget elementor-widget-blogmentor_blog_posts\" data-id=\"5594d4a\" data-element_type=\"widget\" data-settings=\"{&quot;_animation&quot;:&quot;none&quot;}\" data-widget_type=\"blogmentor_blog_posts.default\">\n\t\t\t\t<div class=\"elementor-widget-container\">\n\t\t\t\t\t\t\t\n\t\t\t\t\t<div class=\"upl-main\">\n\t\t<div class=\"upl-container\">\n\t\t\t\t\t\t\t<div class=\"upl-left-section bm_content_box\">\n\t\t\t\t\t\t\t\t<div class=\"bm-post-image clearfix bm-hover-effect bm-hover-effect-opacity\">\n\t\t\t\t\t<div class=\"upl-image\" style=\"background-image: url('https:\/\/neuroconex.com.mx\/wp-content\/plugins\/blogmentor\/assets\/images\/placeholder.jpg')\"><\/div>\n\t\t\t\t<\/div>\n\t\t\t\t<div class=\"upl-author\"><img decoding=\"async\" src=\"https:\/\/neuroconex.com.mx\/wp-content\/litespeed\/avatar\/6b876ed491e9c8c6e2ab8703cc2d5124.jpg?ver=1777832134\"><\/div>\n\t\t\t\t<div class=\"upl-title bm_title\"><a href=\"https:\/\/neuroconex.com.mx\/index.php\/2024\/08\/26\/estimulacion-neuropsicologica-a-distancia\/\" rel=\"bookmark\"><\/a><\/div>\t\t\t\t\t<div class=\"upl-excerpt bm_content\">  <\/div>\n\t\t\t\t\t\t\t<\/div>\n\t\t\t\n\t\t\t\t\t\t<div class=\"upl-right-section\">\n\t\t\t\t<div class=\"upl-top bm_content_box\">\n\t\t\t\t\t<div class=\"bm-post-image clearfix bm-hover-effect bm-hover-effect-opacity\">\n\t\t\t\t\t\t<div class=\"upl-image\" style=\"background-image: url('https:\/\/neuroconex.com.mx\/wp-content\/uploads\/2023\/01\/JB_4DBk0AFs_1280x720.jpg')\"><\/div>\n\t\t\t\t\t<\/div>\n\t\t\t\t\t<div class=\"upl-author\">\n\t\t\t\t\t\t<img decoding=\"async\" src=\"https:\/\/neuroconex.com.mx\/wp-content\/litespeed\/avatar\/43a08cd90b95efe5b53ee586ed5ec0df.jpg?ver=1777832134\">\n\t\t\t\t\t<\/div>\n\t\t\t\t\t<div class=\"upl-title bm_title\"><a href=\"https:\/\/neuroconex.com.mx\/index.php\/2023\/01\/03\/la-neuropsic-cinthia-habla-sobre-tdah\/\" rel=\"bookmark\">La npsic. Cinthia habla sobre TDAH<\/a><\/div>\t\t\t\t\t\t<div class=\"upl-excerpt bm_content\"> https:\/\/youtu.be\/JB_4DBk0AFs En esta ocasi\u00f3n la Npsic. Cinthia Macedo fue invitada a platicar&hellip; <\/div>\n\t\t\t\t\t\t\t\t\t<\/div>\n\t\t\t\t\t\t\t<div class=\"upl-bottom bm_content_box\">\n\t\t\t\t\t<div class=\"bm-post-image clearfix bm-hover-effect bm-hover-effect-opacity\">\n\t\t\t\t\t\t<div class=\"upl-image\" style=\"background-image: url('https:\/\/neuroconex.com.mx\/wp-content\/uploads\/2022\/12\/ilustracion-adhd-diseno-plano-dibujado-mano_23-2149384111.webp')\"><\/div>\n\t\t\t\t\t<\/div>\n\t\t\t\t\t<div class=\"upl-author\">\n\t\t\t\t\t\t<img decoding=\"async\" src=\"https:\/\/neuroconex.com.mx\/wp-content\/litespeed\/avatar\/43a08cd90b95efe5b53ee586ed5ec0df.jpg?ver=1777832134\">\n\t\t\t\t\t<\/div>\n\t\t\t\t\t<div class=\"upl-title bm_title\"><a href=\"https:\/\/neuroconex.com.mx\/index.php\/2022\/12\/21\/por-que-es-importante-atender-el-tdah-sobre-a-todo-a-una-edad-temprana\/\" rel=\"bookmark\">\u00bfPor qu\u00e9 es importante atender el TDAH, sobre todo a una edad temprana?\ufffc<\/a><\/div>\t\t\t\t\t\t<div class=\"upl-excerpt bm_content\"> El TDAH suele pensarse como una entidad relacionada exclusivamente con la atenci\u00f3n&hellip; <\/div>\n\t\t\t\t\t\t\t\t\t<\/div>\n\t\t\t\t\t\t<\/div>\n\t\t<\/div>\n\t<\/div>\n\n\t<div class=\"upl-second-section\">\n\t\t\t\t\t<div class=\"upl-second bm_content_box\">\n\t\t\t\t<div class=\"bm-post-image clearfix bm-hover-effect bm-hover-effect-opacity\">\n\t\t\t\t\t<div class=\"upl-image\" style=\"background-image: url('https:\/\/neuroconex.com.mx\/wp-content\/uploads\/2022\/09\/My-project-1-scaled.jpg')\"><\/div>\n\t\t\t\t<\/div>\n\t\t\t\t<div class=\"upl-author\">\n\t\t\t\t\t<img decoding=\"async\" src=\"https:\/\/neuroconex.com.mx\/wp-content\/litespeed\/avatar\/43a08cd90b95efe5b53ee586ed5ec0df.jpg?ver=1777832134\">\n\t\t\t\t<\/div>\n\t\t\t\t<div class=\"upl-title bm_title\"><a href=\"https:\/\/neuroconex.com.mx\/index.php\/2022\/09\/21\/valoracion-neuropsicologica\/\" rel=\"bookmark\">VALORACI\u00d3N NEUROPSICOL\u00d3GICA<\/a><\/div>\t\t\t\t\t<div class=\"upl-excerpt bm_content\"> \u00a0 \u00a0 \u00a0 \u00a0 \u00a0 \u00a0 \u00a0 \u00a0 \u00a0 \u00a0 \u00a0 \u00a0&hellip; <\/div>\n\t\t\t\t\t\t\t<\/div>\n\t\t\t\t\t<div class=\"upl-second bm_content_box\">\n\t\t\t\t<div class=\"bm-post-image clearfix bm-hover-effect bm-hover-effect-opacity\">\n\t\t\t\t\t<div class=\"upl-image\" style=\"background-image: url('https:\/\/neuroconex.com.mx\/wp-content\/uploads\/2022\/03\/neuro4.png')\"><\/div>\n\t\t\t\t<\/div>\n\t\t\t\t<div class=\"upl-author\">\n\t\t\t\t\t<img decoding=\"async\" src=\"https:\/\/neuroconex.com.mx\/wp-content\/litespeed\/avatar\/43a08cd90b95efe5b53ee586ed5ec0df.jpg?ver=1777832134\">\n\t\t\t\t<\/div>\n\t\t\t\t<div class=\"upl-title bm_title\"><a href=\"https:\/\/neuroconex.com.mx\/index.php\/2022\/03\/20\/prueba-3\/\" rel=\"bookmark\">\u00bfC\u00f3mo favorecer los hitos de las praxias en los ni\u00f1os?<\/a><\/div>\t\t\t\t\t<div class=\"upl-excerpt bm_content\"> Un proceso de intervenci\u00f3n neuropsicol\u00f3gica siempre tendr\u00e1 que ser personalizado y acorde&hellip; <\/div>\n\t\t\t\t\t\t\t<\/div>\n\t\t\t\t\t<div class=\"upl-second bm_content_box\">\n\t\t\t\t<div class=\"bm-post-image clearfix bm-hover-effect bm-hover-effect-opacity\">\n\t\t\t\t\t<div class=\"upl-image\" style=\"background-image: url('https:\/\/neuroconex.com.mx\/wp-content\/uploads\/2022\/03\/WhatsApp-Image-2022-03-24-at-10.14.12-AM.jpeg')\"><\/div>\n\t\t\t\t<\/div>\n\t\t\t\t<div class=\"upl-author\">\n\t\t\t\t\t<img decoding=\"async\" src=\"https:\/\/neuroconex.com.mx\/wp-content\/litespeed\/avatar\/43a08cd90b95efe5b53ee586ed5ec0df.jpg?ver=1777832134\">\n\t\t\t\t<\/div>\n\t\t\t\t<div class=\"upl-title bm_title\"><a href=\"https:\/\/neuroconex.com.mx\/index.php\/2022\/03\/20\/prueba-2\/\" rel=\"bookmark\">Las praxias en el contexto del neurodesarrollo.<\/a><\/div>\t\t\t\t\t<div class=\"upl-excerpt bm_content\"> Las praxias, tambi\u00e9n llamadas planificaci\u00f3n motora; pueden ser definidas como la capacidad&hellip; <\/div>\n\t\t\t\t\t\t\t<\/div>\n\t\t\t<\/div>\n\t\t\t<div class=\"bm-pagination pagination_style_2\">\n\t\t\t\t<span aria-label=\"P\u00e1gina 1\" aria-current=\"page\" class=\"page-numbers current\">1<\/span>\n<a aria-label=\"P\u00e1gina 2\" class=\"page-numbers\" href=\"https:\/\/neuroconex.com.mx\/index.php\/wp-json\/wp\/v2\/pages\/1613\/page\/2\/\">2<\/a>\n<a class=\"next page-numbers\" href=\"https:\/\/neuroconex.com.mx\/index.php\/wp-json\/wp\/v2\/pages\/1613\/page\/2\/\">  <i><\/i><\/a>\t\t\t<\/div>\n\t\t\t\t\t\t<\/div>\n\t\t\t\t<\/div>\n\t\t\t\t\t<\/div>\n\t\t<\/div>\n\t\t\t\t\t<\/div>\n\t\t<\/section>\n\t\t\t\t<\/div>\n\t\t","protected":false},"excerpt":{"rendered":"<p>VALORACI\u00d3N NEUROPSICOL\u00d3GICA \u00a0\u00a0\u00a0\u00a0\u00a0\u00a0\u00a0\u00a0\u00a0\u00a0\u00a0\u00a0\u00a0\u00a0\u00a0\u00a0\u00a0\u00a0\u00a0\u00a0\u00a0\u00a0\u00a0\u00a0\u00a0\u00a0\u00a0\u00a0\u00a0\u00a0\u00a0\u00a0\u00a0\u00a0\u00a0\u00a0\u00a0\u00a0\u00a0\u00a0\u00a0\u00a0\u00a0\u00a0\u00a0\u00a0\u00a0\u00a0\u00a0\u00a0\u00a0\u00a0\u00a0\u00a0\u00a0\u00a0\u00a0\u00a0\u00a0\u00a0\u00a0\u00a0\u00a0\u00a0\u00a0\u00a0\u00a0\u00a0\u00a0\u00a0\u00a0\u00a0\u00a0\u00a0\u00a0\u00a0\u00a0\u00a0\u00a0\u00a0\u00a0\u00a0\u00a0\u00a0\u00a0\u00a0\u00a0\u00a0\u00a0\u00a0\u00a0\u00a0\u00a0\u00a0\u00a0\u00a0\u00a0\u00a0\u00a0\u00a0\u00a0\u00a0\u00a0\u00a0\u00a0\u00a0\u00a0\u00a0\u00a0\u00a0\u00a0\u00a0\u00a0\u00a0\u00a0\u00a0\u00a0\u00a0 \u00bfQu\u00e9 es? Es la exploraci\u00f3n, valoraci\u00f3n y evaluaci\u00f3n, a partir de pruebas neuropsicol\u00f3gicas estandarizadas, observaci\u00f3n, realizaci\u00f3n de paradigmas de alg\u00fan proceso mental con el objetivo de establecer un tratamiento&hellip; Prueba 4 Titulo de la nota Lorem Ipsum&nbsp;es simplemente el texto de relleno de&hellip; \u00bfC\u00f3mo favorecer los hitos de las praxias en los [&hellip;]<\/p>\n","protected":false},"author":3,"featured_media":0,"parent":0,"menu_order":0,"comment_status":"closed","ping_status":"closed","template":"","meta":{"site-sidebar-layout":"no-sidebar","site-content-layout":"page-builder","ast-site-content-layout":"default","site-content-style":"default","site-sidebar-style":"default","ast-global-header-display":"","ast-banner-title-visibility":"","ast-main-header-display":"","ast-hfb-above-header-display":"","ast-hfb-below-header-display":"","ast-hfb-mobile-header-display":"","site-post-title":"disabled","ast-breadcrumbs-content":"","ast-featured-img":"","footer-sml-layout":"","ast-disable-related-posts":"","theme-transparent-header-meta":"","adv-header-id-meta":"","stick-header-meta":"","header-above-stick-meta":"","header-main-stick-meta":"","header-below-stick-meta":"","astra-migrate-meta-layouts":"default","ast-page-background-enabled":"default","ast-page-background-meta":{"desktop":{"background-color":"","background-image":"","background-repeat":"repeat","background-position":"center center","background-size":"auto","background-attachment":"scroll","background-type":"","background-media":"","overlay-type":"","overlay-color":"","overlay-opacity":"","overlay-gradient":""},"tablet":{"background-color":"","background-image":"","background-repeat":"repeat","background-position":"center center","background-size":"auto","background-attachment":"scroll","background-type":"","background-media":"","overlay-type":"","overlay-color":"","overlay-opacity":"","overlay-gradient":""},"mobile":{"background-color":"","background-image":"","background-repeat":"repeat","background-position":"center center","background-size":"auto","background-attachment":"scroll","background-type":"","background-media":"","overlay-type":"","overlay-color":"","overlay-opacity":"","overlay-gradient":""}},"ast-content-background-meta":{"desktop":{"background-color":"var(--ast-global-color-5)","background-image":"","background-repeat":"repeat","background-position":"center center","background-size":"auto","background-attachment":"scroll","background-type":"","background-media":"","overlay-type":"","overlay-color":"","overlay-opacity":"","overlay-gradient":""},"tablet":{"background-color":"var(--ast-global-color-5)","background-image":"","background-repeat":"repeat","background-position":"center center","background-size":"auto","background-attachment":"scroll","background-type":"","background-media":"","overlay-type":"","overlay-color":"","overlay-opacity":"","overlay-gradient":""},"mobile":{"background-color":"var(--ast-global-color-5)","background-image":"","background-repeat":"repeat","background-position":"center center","background-size":"auto","background-attachment":"scroll","background-type":"","background-media":"","overlay-type":"","overlay-color":"","overlay-opacity":"","overlay-gradient":""}},"footnotes":""},"class_list":["post-1613","page","type-page","status-publish","hentry"],"_links":{"self":[{"href":"https:\/\/neuroconex.com.mx\/index.php\/wp-json\/wp\/v2\/pages\/1613","targetHints":{"allow":["GET"]}}],"collection":[{"href":"https:\/\/neuroconex.com.mx\/index.php\/wp-json\/wp\/v2\/pages"}],"about":[{"href":"https:\/\/neuroconex.com.mx\/index.php\/wp-json\/wp\/v2\/types\/page"}],"author":[{"embeddable":true,"href":"https:\/\/neuroconex.com.mx\/index.php\/wp-json\/wp\/v2\/users\/3"}],"replies":[{"embeddable":true,"href":"https:\/\/neuroconex.com.mx\/index.php\/wp-json\/wp\/v2\/comments?post=1613"}],"version-history":[{"count":30,"href":"https:\/\/neuroconex.com.mx\/index.php\/wp-json\/wp\/v2\/pages\/1613\/revisions"}],"predecessor-version":[{"id":2077,"href":"https:\/\/neuroconex.com.mx\/index.php\/wp-json\/wp\/v2\/pages\/1613\/revisions\/2077"}],"wp:attachment":[{"href":"https:\/\/neuroconex.com.mx\/index.php\/wp-json\/wp\/v2\/media?parent=1613"}],"curies":[{"name":"wp","href":"https:\/\/api.w.org\/{rel}","templated":true}]}}